 -3*a + 8*a - 2*d. What are the prime factors of a?
3, 5
Let l be 1030/15 + 2/(-3). Suppose 4*x + 0*x = l. What are the prime factors of x?
17
Suppose 5*v = -2*g + 130, 0 = -5*v - 4*g + 5 + 135. List the prime factors of v.
2, 3
What are the prime factors of 2 - 0 - -6*80/6?
2, 41
Let p(y) = -y**2 - y. Let j(i) = 5*i**2 - i + 6. Let l(s) = j(s) + 4*p(s). Suppose -6*d = -2*d - 24. What are the prime factors of l(d)?
2, 3
Let i = 2 - 3. Let n be (-1 + 3)*(0 - i). Suppose 10 + 6 = n*b. What are the prime factors of b?
2
Let v(c) = -c**2 - 13*c - 13. What are the prime factors of v(-10)?
17
Suppose -6*i + 66 + 30 = 0. What are the prime factors of i?
2
What are the prime factors of 95 + 0 + (-9)/(-3)?
2, 7
Let f(r) = r**2 + 2*r + 99. List the prime factors of f(0).
3, 11
What are the prime factors of (-14)/5*(-1 - 4)?
2, 7
Suppose -2*h = -0*h - 10, -w = 2*h - 43. Suppose 5*k + 4*z - 434 = 0, 4*k - 377 + w = -4*z. Suppose -4*q = -k + 38. What are the prime factors of q?
13
Let r be 16/(-88) + (-233)/(-11). Suppose -r = -a + 12. List the prime factors of a.
3, 11
Let i(s) = -5*s - 11. What are the prime factors of i(-10)?
3, 13
Let g(j) = j + 4*j**2 + 0*j + 1 - 2 + j. Let a = 6 - 8. List the prime factors of g(a).
11
What are the prime factors of (-3)/(-4) - 418/(-8)?
53
Suppose -5*a = -3*j + 192, j - 4*a + 0*a = 71. Let h = j + -29. List the prime factors of h.
2, 3, 5
Suppose -648 = -18*o + 9*o. List the prime factors of o.
2, 3
Let u(b) = -b + 7. Let x be u(5). Let d be (-1)/x*(-11 + 1). Suppose -d*n - 2*s + 14 = 0, 4*n + 0*s - 19 = s. What are the prime factors of n?
2
Let r(o) = -o**2 + 5*o + 8. Let q be r(6). Suppose h - q*h + 24 = 0. Suppose 0 = -5*w + 3*w + h. What are the prime factors of w?
2, 3
Let k(q) = 2*q**2 + q + 9. List the prime factors of k(8).
5, 29
Let f = -11 + 28. Let y = -5 + f. List the prime factors of y.
2, 3
Let p = 110 - 77. List the prime factors of p.
3, 11
Suppose -14*w + 1920 = -2*w. List the prime factors of w.
2, 5
Let r be 3 + -1 - (-4 + 3). Suppose 0 = h + d - r, 2*h = 4*d + 25 + 11. List the prime factors of h.
2
Let s = 10 + -6. Suppose 4*a = -10 + 2, 34 = 2*g + s*a. What are the prime factors of g?
3, 7
Suppose -7*s + 2*s + 435 = 0. What are the prime factors of s?
3, 29
Let o(y) = -9*y**3 + y + 1. Let q be o(-1). Suppose 0 = 5*v - 16 - q. List the prime factors of v.
5
Let u = 1 + 1. Suppose s - 6*s - 4 = u*c, -s + 2 = -c. Suppose s*l + 4*l + x = 35, -l = 4*x + 10. List the prime factors of l.
2, 5
Let l(x) be the first derivative of -x**4/4 - 4*x**3/3 + 5*x**2/2 + 5*x - 1. Let f be l(-5). Suppose -f*c + 17 = -28. List the prime factors of c.
3
Let l = 0 + 1. Let t(v) = -11*v**3 + 4*v**2 + 6*v + 3. Let c(d) = 12*d**3 - 5*d**2 - 7*d - 4. Let a(u) = -4*c(u) - 5*t(u). List the prime factors of a(l).
2, 3
Let a(w) = 14*w**2 - w - 1. Let j be a(2). Let l = j - 24. What are the prime factors of l?
29
List the prime factors of (3 + 2/(8/18))*18.
3, 5
Suppose 0 = 4*h - h - 48. Suppose -s = 5*a + 20, -3*a - h = 2*s + a. Suppose 2*q - 6*q + 5*l + 17 = 0, q - 2*l - 2 = s. List the prime factors of q.
2
Suppose -2*u - 2 = -3*u. Suppose 20 = -2*k - 4*l - 0, -10 = -3*k + u*l. What are the prime factors of k + 13 + (-1)/(-1)?
2, 7
What are the prime factors of -35*(0 - -1)*(0 + -7)?
5, 7
Let z = -16 - -9. Let c = z + 11. What are the prime factors of c?
2
Suppose 0*k = 4*k - 8. Suppose 3 = -k*j + 5*j. Let t = j + 11. List the prime factors of t.
2, 3
Let c = 56 - 24. What are the prime factors of c?
2
Suppose 0 = 3*p - 0*p - 6. Suppose 5*s = p*n - 28, n - 6*n + 2*s = -70. What are the prime factors of n?
2, 7
Let g = -8 + 11. Let p = g + 4. What are the prime factors of p?
7
Let g be ((-9)/6)/1*-2. Suppose 0 = g*b - 3, 5*b - 9 = 2*o + 2*b. What are the prime factors of (-21)/o + (0 - 0)?
7
Let d(n) = -n**3 + 7*n**2 - 5*n - 3. Let q be d(6). Let r(b) = 8*b**3 - 1 - b - 14*b**3 + 5*b**2 + 5*b**3 - 1. What are the prime factors of r(q)?
13
Suppose w - 3*u = -1, 4*w + 0*u + 4*u - 12 = 0. Suppose w*t + 3*q - 3 = -2, 4*t - 5*q = 35. Suppose 0 = t*d - 2 - 53. What are the prime factors of d?
11
Suppose -10*u - 10*u = -3980. What are the prime factors of u?
199
Let f(d) = -d**3 - d**2 + 6. Let n be f(0). Suppose -n = -4*x + 18. What are the prime factors of x?
2, 3
Suppose 5*p - 1 = -4*a, -p = -5*a - 2*p - 4. Let w(m) = -m - m**2 + 6*m**3 - 15*m**3 + 0*m**3. What are the prime factors of w(a)?
3
Suppose -8*y + 90 = -1158. What are the prime factors of y?
2, 3, 13
Let b = 15 + -11. Suppose 5*o - 4*r - 15 = 0, -2*o - 8 = -6*o + b*r. List the prime factors of o.
7
Suppose 3*c = 6*c - 348. List the prime factors of c.
2, 29
Let w(b) = b**3 - 15*b**2 + 17*b + 20. What are the prime factors of w(14)?
2, 31
What are the prime factors of 188/16 - (-2)/8?
2, 3
Let i(t) = t**2 + 2*t + 10. What are the prime factors of i(0)?
2, 5
Let l = -165 + 251. What are the prime factors of l?
2, 43
Let u = 1 - 4. Let a = 7 + u. List the prime factors of a.
2
Let u = 0 - 1. Let o be -2 - (2 + u - 2). Let q = 3 - o. List the prime factors of q.
2
Let m = 2 - -6. Suppose 4*c = m + 12. Suppose -14 + c = -q. List the prime factors of q.
3
Let m(d) = 2*d - 15. Let q be m(0). Let g = q + 43. List the prime factors of g.
2, 7
Let h(f) = f**2 - 7*f - 10. Let b be h(10). Suppose 0 = c + 1 - b. List the prime factors of c.
19
Let m(n) = n**3 + 6*n**2 - 6*n + 10. Let z be m(-7). Suppose -z*h + h + 6 = 0. Suppose h*p + 2*p = 30. What are the prime factors of p?
2, 3
Suppose 86*b = 91*b - 890. What are the prime factors of b?
2, 89
Let f = -34 - -45. What are the prime factors of f?
11
Suppose -j - 2*j + 15 = 0. Suppose -4*x + j*x = 5. Suppose 2*o - x*w = 26, 3*o + 3*w - 10 = o. List the prime factors of o.
2
Let i = 254 - 107. List the prime factors of i.
3, 7
Let o(m) = -4*m + 14. What are the prime factors of o(-28)?
2, 3, 7
Let l(f) be the second derivative of -f**5/20 - 2*f**4/3 - 11*f**3/6 - 3*f**2 - f. What are the prime factors of l(-7)?
2, 11
Let q(z) = z + 7. Let i be q(-3). Suppose -2*w + 0 - 4 = -i*b, 0 = -3*w + 12. Suppose 0 = b*d - d - 8. What are the prime factors of d?
2
Suppose 2*s - 12 = -2*s. Let k(q) = q + 2. Let t be k(s). List the prime factors of 6 + t/(15/6).
2
Suppose -3*r + 2 = y - 0, -y = -r + 2. Suppose -l = -3 + r. Suppose -g = -l*g + 2. List the prime factors of g.
2
Let m be (-2)/7 - (-4476)/84. Let s = 96 - m. List the prime factors of s.
43
Let b(l) = l**2 + 3*l + 10. What are the prime factors of b(10)?
2, 5, 7
Let q(k) = k**2 + 11*k**3 - 1 + 2 - k**2. What are the prime factors of q(1)?
2, 3
Let c(g) = g + 1. Let q(n) = -n**3 - 5*n**2 + 1. Let t be q(-5). Suppose 3*r = 7 - t. List the prime factors of c(r).
3
Let k(g) = -6*g**3 + 2*g**2 - 5*g - 5. Let o(s) = 7*s**3 - s**2 + 5*s + 6. Let x(q) = 6*k(q) + 5*o(q). List the prime factors of x(6).
2, 3
Suppose 0 = -f - v + 3*v + 68, -3*f + 204 = -5*v. What are the prime factors of 1/((-1)/f*-4)?
17
Let f be 20/(-25)*5/(-2). Suppose 6*s - f*s - 48 = 0. List the prime factors of s.
2, 3
Let s = -9 + 22. Let l = -9 + s. List the prime factors of l.
2
Let y(p) = -2*p**3 - p**2 + p - 1. List the prime factors of y(-2).
3
List the prime factors of 108 - (0 + (6 - (0 + 3))).
3, 5, 7
Let h(y) = y**2 + 4*y - 3. Let s be h(-8). Let q = s + 10. What are the prime factors of q?
3, 13
Let x(o) = o**3 - 2*o**2 + 2*o + 1. Let t be x(2). Suppose 2*b = -t*g, -4*g - 2*b = -b + 3. Let h(f) = -6*f. What are the prime factors of h(g)?
2, 3
Let l be 6/(-10) + 23/5. Suppose l + 14 = y. List the prime factors of y.
2, 3
Let v(k) = k**2 - k - 1. Let a be v(3). Let n = 14 - a. Suppose 9 + n = 2*h. List the prime factors of h.
3
Suppose 4*k = 0, g + 4*g - 25 = 2*k. Let o be (-2)/(-1)*g*4. Suppose 6*f - o = f. What are the prime factors of f?
2
Let r(t) be the second derivative of t**5/5 - t**4/12 + t**2/2 + 2*t. Let q be 7/5 - (-18)/(-45). List the prime factors of r(q).
2
Suppose 3*z + 26 + 4 = 3*i, -5*z = 20. List the prime factors of (i/12)/(1/40).
2, 5
Let z(v) = -11*v - 13. Let m(p) = -p + 1. Let h(t) = 7*t + 4. Let c(a) = -h(a) - 2*m(a). Let f(n) = 7*c(n) - 3*z(n). List the prime factors of f(-3).
3
Suppose j - 4*s - 51 = 0, 5*s - 17 = -j + 70. What are the prime factors of j?
67
Let j(y) = 102*y - 14. L